{"id":12,"date":"2020-04-01T12:33:59","date_gmt":"2020-04-01T12:33:59","guid":{"rendered":"http:\/\/parafiakluczewsko.pl\/?page_id=12"},"modified":"2026-04-20T11:15:36","modified_gmt":"2026-04-20T11:15:36","slug":"intencje-mszy-sw","status":"publish","type":"page","link":"https:\/\/parafiakluczewsko.pl\/index.php\/intencje-mszy-sw\/","title":{"rendered":"Intencje Mszy \u015aw."},"content":{"rendered":"\n<p><strong>WIELKA<\/strong><strong> NIEDZIELA <\/strong><strong>(19.04.)<\/strong>&nbsp; <strong>III Wielkanocna.<\/strong> <strong>Niedziela Biblijna.<\/strong><\/p>\n\n\n\n<p>&nbsp;<strong>8.30 <\/strong>+ Stanis\u0142aw\u0119, Jana, Wojciecha Bugajniak\u00f3w, Janin\u0119, Stanis\u0142awa\/on\/&nbsp;<\/p>\n\n\n\n<p>&nbsp;&nbsp;&nbsp;&nbsp;&nbsp;&nbsp;&nbsp;&nbsp;&nbsp;&nbsp;&nbsp;&nbsp;K\u0142udziak\u00f3w, Leokadi\u0119, Teodozj\u0119, Czes\u0142awa Nowak\u00f3w, Ew\u0119 Uramowsk\u0105&nbsp;<\/p>\n\n\n\n<p>&nbsp;&nbsp;&nbsp;&nbsp;&nbsp;&nbsp;&nbsp;&nbsp;&nbsp;&nbsp;&nbsp;&nbsp;&nbsp;&nbsp;&nbsp;&nbsp;&nbsp;&nbsp;&nbsp;&nbsp;&nbsp;&nbsp;&nbsp;&nbsp;&nbsp;&nbsp;&nbsp;&nbsp;&nbsp;&nbsp;&nbsp;&nbsp;&nbsp;&nbsp;&nbsp;&nbsp;&nbsp;&nbsp;&nbsp;&nbsp;&nbsp;&nbsp;&nbsp;&nbsp;&nbsp;&nbsp;&nbsp;&nbsp;&nbsp;&nbsp;&nbsp;&nbsp;&nbsp;&nbsp;&nbsp;&nbsp;&nbsp;&nbsp;&nbsp;&nbsp;&nbsp;&nbsp;&nbsp;&nbsp;&nbsp;&nbsp;&nbsp;&nbsp;i + z rodziny&nbsp; &nbsp; \/-\/<\/p>\n\n\n\n<p><strong>11.30<\/strong> O Bo\u017ce b\u0142og. zdrowie, opiek\u0119 M.Bo\u017cej i \u015bw. Patron\u00f3w dla W\u0142adys\u0142awa&nbsp;<\/p>\n\n\n\n<p>&nbsp;&nbsp;&nbsp;&nbsp;&nbsp;&nbsp;&nbsp;&nbsp;&nbsp;&nbsp;&nbsp;&nbsp;&nbsp;&nbsp;&nbsp;&nbsp;&nbsp;&nbsp;&nbsp;&nbsp;&nbsp;&nbsp;&nbsp;&nbsp;&nbsp;&nbsp;&nbsp;&nbsp;&nbsp;&nbsp;&nbsp;&nbsp;Pury z racji 90 r urodzin \u2013 zam. dzieci i wnuki&nbsp; &nbsp; \/-\/<\/p>\n\n\n\n<p><strong>15.00 <\/strong>+ Mieczys\u0142awa, Krzysztofa, Bronis\u0142aw\u0119, J\u00f3zefa\/on\/ Grabc\u00f3w, \u0141ukasza,&nbsp;<\/p>\n\n\n\n<p>&nbsp;&nbsp;&nbsp;&nbsp;&nbsp;&nbsp;&nbsp;&nbsp;&nbsp;&nbsp;&nbsp;&nbsp;&nbsp;&nbsp;&nbsp;&nbsp;&nbsp;&nbsp;&nbsp;&nbsp;&nbsp;&nbsp;&nbsp;&nbsp;&nbsp;&nbsp;&nbsp;&nbsp;&nbsp;&nbsp;&nbsp;&nbsp;&nbsp;&nbsp;&nbsp;&nbsp;&nbsp;Stanis\u0142aw\u0119, Stanis\u0142awa\/on\/ B\u0105k\u00f3w i + z rodz. &nbsp; &nbsp; \/-\/&nbsp;<\/p>\n\n\n\n<p><strong>PONIEDZIA\u0141EK (20.04.)&nbsp;&nbsp;<\/strong><\/p>\n\n\n\n<p>7.00 + Daniela, Tadeusza Nie\u015bpielak\u00f3w \u2013zam.zak\u0142ad pogrzeb.Wodzis\u0142awscy&nbsp; \/+\/&nbsp;&nbsp;<\/p>\n\n\n\n<p><strong>WTOREK&nbsp; (21.04.)&nbsp;<\/strong><\/p>\n\n\n\n<p>7.00 Dzi\u0119kczynno-b\u0142agalna za \u0142ask\u0119 zdrowia i \u017cycia dla Paw\u0142a i opiek\u0119 M. Bo\u017cej&nbsp;<\/p>\n\n\n\n<p>&nbsp;&nbsp;&nbsp;&nbsp;&nbsp;&nbsp;&nbsp;&nbsp;&nbsp;&nbsp;&nbsp;&nbsp;&nbsp;&nbsp;&nbsp;&nbsp;&nbsp;&nbsp;&nbsp;&nbsp;&nbsp;&nbsp;&nbsp;&nbsp;&nbsp;&nbsp;&nbsp;&nbsp;&nbsp;&nbsp;&nbsp;&nbsp;&nbsp;&nbsp;&nbsp;&nbsp;&nbsp;&nbsp;&nbsp;&nbsp;&nbsp;&nbsp;&nbsp;&nbsp;&nbsp;&nbsp;&nbsp;&nbsp;&nbsp;&nbsp;&nbsp;&nbsp;&nbsp;&nbsp;&nbsp;&nbsp;&nbsp;&nbsp;&nbsp;Nieust. Pomocy&nbsp; &nbsp; \/-\/<\/p>\n\n\n\n<p><strong>\u015aRODA (22.04.) Dzie\u0144 papieski.<\/strong><\/p>\n\n\n\n<p>7.00&nbsp; O Bo\u017ce b\u0142g. Zdrowie, opiek\u0119 M. Bo\u017cej dla Katarzyny&nbsp; w 6 r ur. i Adama w&nbsp;<\/p>\n\n\n\n<p>&nbsp;&nbsp;&nbsp;&nbsp;&nbsp;&nbsp;&nbsp;&nbsp;&nbsp;&nbsp;&nbsp;&nbsp;&nbsp;&nbsp;&nbsp;&nbsp;&nbsp;&nbsp;&nbsp;&nbsp;&nbsp;&nbsp;&nbsp;&nbsp;&nbsp;&nbsp;&nbsp;&nbsp;&nbsp;2 r ur. Gland\u00f3w, i o Bo\u017ce b\u0142og. dla rodziny \u2013 zam. rodzice&nbsp; \/-\/<\/p>\n\n\n\n<p><strong>CZWARTEK&nbsp; (23.04.)&nbsp;<\/strong><\/p>\n\n\n\n<p>7.00<strong> <\/strong>+ Mariann\u0119, Stefana Kapita\u0144skich, Antonin\u0119, Feliksa Klap\u00f3w \u2013 zam. rodz.&nbsp;<\/p>\n\n\n\n<p>&nbsp;&nbsp;&nbsp;&nbsp;&nbsp;&nbsp;&nbsp;&nbsp;&nbsp;&nbsp;&nbsp;&nbsp;&nbsp;&nbsp;&nbsp;&nbsp;&nbsp;&nbsp;&nbsp;&nbsp;&nbsp;&nbsp;&nbsp;&nbsp;&nbsp;&nbsp;&nbsp;&nbsp;&nbsp;&nbsp;&nbsp;&nbsp;&nbsp;&nbsp;&nbsp;&nbsp;&nbsp;&nbsp;&nbsp;&nbsp;&nbsp;&nbsp;&nbsp;&nbsp;&nbsp;&nbsp;&nbsp;&nbsp;&nbsp;&nbsp;&nbsp;&nbsp;&nbsp;&nbsp;&nbsp;&nbsp;&nbsp;&nbsp;&nbsp;&nbsp;&nbsp;&nbsp;&nbsp;&nbsp;&nbsp;G\u0105sk\u00f3w &nbsp; \/+\/&nbsp;<\/p>\n\n\n\n<p><strong>PI\u0104TEK (24.04.)&nbsp; Msza \u015bw. zbiorowa&nbsp;<\/strong><\/p>\n\n\n\n<p><strong>18.00 <\/strong><strong><em>intencja wsp\u00f3lnotowa: <\/em><\/strong><strong>&nbsp;&#8211; <\/strong>wywieszona w gablocie i str.internetowej parafii<\/p>\n\n\n\n<p><strong>SOBOTA (25.04.)&nbsp;<\/strong><\/p>\n\n\n\n<p>7.00 O Bo\u017ce b\u0142og. zdrowie, dary Ducha \u015aw. umocnienie w powo\u0142aniu dla ks.&nbsp;<\/p>\n\n\n\n<p>&nbsp;&nbsp;&nbsp;&nbsp;&nbsp;&nbsp;&nbsp;&nbsp;&nbsp;&nbsp;&nbsp;&nbsp;&nbsp;&nbsp;&nbsp;&nbsp;&nbsp;&nbsp;&nbsp;&nbsp;&nbsp;Marka Dumina z racji imienin \u2013 zam. rodzice &nbsp; &nbsp; &nbsp; &nbsp; \/-\/&nbsp;<\/p>\n\n\n\n<p><strong>NIEDZIELA(26.04.) IV Wielkanocna. Dobrego Pasterza. Niedziela Powo\u0142aniowa.\u00a0<\/strong><\/p>\n\n\n\n<p>8.30 &nbsp;+ Czes\u0142awa Skrzypoka, Mieczys\u0142awa Hyskiego &nbsp; &nbsp; &nbsp; \/-\/<\/p>\n\n\n\n<p>11.30 O Bo\u017ce b\u0142og., zdrowie, opiek\u0119 \u015aw.Rodziny, si\u0142y i wytrwa\u0142o\u015b\u0107 dla Gabrieli i Edwarda&nbsp;<\/p>\n\n\n\n<p>&nbsp;&nbsp;&nbsp;&nbsp;&nbsp;&nbsp;&nbsp;&nbsp;&nbsp;&nbsp;&nbsp;&nbsp;&nbsp;&nbsp;B\u0105k\u00f3w z racji 50 r. \u015blubu \u2013 zam. dzieci z rodzinami &nbsp; &nbsp; \/-\/<\/p>\n\n\n\n<p>15.00 O Bo\u017ce b\u0142og., zdrowie, opiek\u0119 \u015aw.Rodziny i wszelk\u0105 pomy\u015blno\u015b\u0107 dla Marii i Edwarda&nbsp;<\/p>\n\n\n\n<p>&nbsp;&nbsp;&nbsp;&nbsp;&nbsp;&nbsp;&nbsp;&nbsp;&nbsp;&nbsp;&nbsp;&nbsp;&nbsp;&nbsp;&nbsp;&nbsp;&nbsp;&nbsp;&nbsp;&nbsp;&nbsp;&nbsp;&nbsp;&nbsp;&nbsp;&nbsp;&nbsp;&nbsp;&nbsp;&nbsp;&nbsp;&nbsp;&nbsp;Koper\u00f3w z racji 50 r. \u015blubu \u2013 dzieci&nbsp; &nbsp; \/-\/<\/p>\n","protected":false},"excerpt":{"rendered":"<p>WIELKA NIEDZIELA (19.04.)&nbsp; III Wielkanocna. Niedziela Biblijna. &nbsp;8.30 + Stanis\u0142aw\u0119, Jana, Wojciecha Bugajniak\u00f3w, Janin\u0119, Stanis\u0142awa\/on\/&nbsp; &nbsp;&nbsp;&nbsp;&nbsp;&nbsp;&nbsp;&nbsp;&nbsp;&nbsp;&nbsp;&nbsp;&nbsp;K\u0142udziak\u00f3w, Leokadi\u0119, Teodozj\u0119, Czes\u0142awa Nowak\u00f3w,&hellip;<\/p>\n","protected":false},"author":1,"featured_media":0,"parent":0,"menu_order":0,"comment_status":"closed","ping_status":"closed","template":"","meta":{"footnotes":""},"class_list":["post-12","page","type-page","status-publish","hentry"],"_links":{"self":[{"href":"https:\/\/parafiakluczewsko.pl\/index.php\/wp-json\/wp\/v2\/pages\/12","targetHints":{"allow":["GET"]}}],"collection":[{"href":"https:\/\/parafiakluczewsko.pl\/index.php\/wp-json\/wp\/v2\/pages"}],"about":[{"href":"https:\/\/parafiakluczewsko.pl\/index.php\/wp-json\/wp\/v2\/types\/page"}],"author":[{"embeddable":true,"href":"https:\/\/parafiakluczewsko.pl\/index.php\/wp-json\/wp\/v2\/users\/1"}],"replies":[{"embeddable":true,"href":"https:\/\/parafiakluczewsko.pl\/index.php\/wp-json\/wp\/v2\/comments?post=12"}],"version-history":[{"count":321,"href":"https:\/\/parafiakluczewsko.pl\/index.php\/wp-json\/wp\/v2\/pages\/12\/revisions"}],"predecessor-version":[{"id":1295,"href":"https:\/\/parafiakluczewsko.pl\/index.php\/wp-json\/wp\/v2\/pages\/12\/revisions\/1295"}],"wp:attachment":[{"href":"https:\/\/parafiakluczewsko.pl\/index.php\/wp-json\/wp\/v2\/media?parent=12"}],"curies":[{"name":"wp","href":"https:\/\/api.w.org\/{rel}","templated":true}]}}

Intencje Mszy Św.

<p><strong>WIELKA</strong><strong> NIEDZIELA </strong><strong>(19.04.)</strong>&nbsp; <strong>III Wielkanocna.</strong> <strong>Niedziela Biblijna.</strong></p>



<p>&nbsp;<strong>8.30 </strong>+ Stanisławę, Jana, Wojciecha Bugajniaków, Janinę, Stanisława/on/&nbsp;</p>



<p>&nbsp;&nbsp;&nbsp;&nbsp;&nbsp;&nbsp;&nbsp;&nbsp;&nbsp;&nbsp;&nbsp;&nbsp;Kłudziaków, Leokadię, Teodozję, Czesława Nowaków, Ewę Uramowską&nbsp;</p>



<p>&nbsp;&nbsp;&nbsp;&nbsp;&nbsp;&nbsp;&nbsp;&nbsp;&nbsp;&nbsp;&nbsp;&nbsp;&nbsp;&nbsp;&nbsp;&nbsp;&nbsp;&nbsp;&nbsp;&nbsp;&nbsp;&nbsp;&nbsp;&nbsp;&nbsp;&nbsp;&nbsp;&nbsp;&nbsp;&nbsp;&nbsp;&nbsp;&nbsp;&nbsp;&nbsp;&nbsp;&nbsp;&nbsp;&nbsp;&nbsp;&nbsp;&nbsp;&nbsp;&nbsp;&nbsp;&nbsp;&nbsp;&nbsp;&nbsp;&nbsp;&nbsp;&nbsp;&nbsp;&nbsp;&nbsp;&nbsp;&nbsp;&nbsp;&nbsp;&nbsp;&nbsp;&nbsp;&nbsp;&nbsp;&nbsp;&nbsp;&nbsp;&nbsp;i + z rodziny&nbsp; &nbsp; /-/</p>



<p><strong>11.30</strong> O Boże błog. zdrowie, opiekę M.Bożej i św. Patronów dla Władysława&nbsp;</p>



<p>&nbsp;&nbsp;&nbsp;&nbsp;&nbsp;&nbsp;&nbsp;&nbsp;&nbsp;&nbsp;&nbsp;&nbsp;&nbsp;&nbsp;&nbsp;&nbsp;&nbsp;&nbsp;&nbsp;&nbsp;&nbsp;&nbsp;&nbsp;&nbsp;&nbsp;&nbsp;&nbsp;&nbsp;&nbsp;&nbsp;&nbsp;&nbsp;Pury z racji 90 r urodzin – zam. dzieci i wnuki&nbsp; &nbsp; /-/</p>



<p><strong>15.00 </strong>+ Mieczysława, Krzysztofa, Bronisławę, Józefa/on/ Grabców, Łukasza,&nbsp;</p>



<p>&nbsp;&nbsp;&nbsp;&nbsp;&nbsp;&nbsp;&nbsp;&nbsp;&nbsp;&nbsp;&nbsp;&nbsp;&nbsp;&nbsp;&nbsp;&nbsp;&nbsp;&nbsp;&nbsp;&nbsp;&nbsp;&nbsp;&nbsp;&nbsp;&nbsp;&nbsp;&nbsp;&nbsp;&nbsp;&nbsp;&nbsp;&nbsp;&nbsp;&nbsp;&nbsp;&nbsp;&nbsp;Stanisławę, Stanisława/on/ Bąków i + z rodz. &nbsp; &nbsp; /-/&nbsp;</p>



<p><strong>PONIEDZIAŁEK (20.04.)&nbsp;&nbsp;</strong></p>



<p>7.00 + Daniela, Tadeusza Nieśpielaków –zam.zakład pogrzeb.Wodzisławscy&nbsp; /+/&nbsp;&nbsp;</p>



<p><strong>WTOREK&nbsp; (21.04.)&nbsp;</strong></p>



<p>7.00 Dziękczynno-błagalna za łaskę zdrowia i życia dla Pawła i opiekę M. Bożej&nbsp;</p>



<p>&nbsp;&nbsp;&nbsp;&nbsp;&nbsp;&nbsp;&nbsp;&nbsp;&nbsp;&nbsp;&nbsp;&nbsp;&nbsp;&nbsp;&nbsp;&nbsp;&nbsp;&nbsp;&nbsp;&nbsp;&nbsp;&nbsp;&nbsp;&nbsp;&nbsp;&nbsp;&nbsp;&nbsp;&nbsp;&nbsp;&nbsp;&nbsp;&nbsp;&nbsp;&nbsp;&nbsp;&nbsp;&nbsp;&nbsp;&nbsp;&nbsp;&nbsp;&nbsp;&nbsp;&nbsp;&nbsp;&nbsp;&nbsp;&nbsp;&nbsp;&nbsp;&nbsp;&nbsp;&nbsp;&nbsp;&nbsp;&nbsp;&nbsp;&nbsp;Nieust. Pomocy&nbsp; &nbsp; /-/</p>



<p><strong>ŚRODA (22.04.) Dzień papieski.</strong></p>



<p>7.00&nbsp; O Boże błg. Zdrowie, opiekę M. Bożej dla Katarzyny&nbsp; w 6 r ur. i Adama w&nbsp;</p>



<p>&nbsp;&nbsp;&nbsp;&nbsp;&nbsp;&nbsp;&nbsp;&nbsp;&nbsp;&nbsp;&nbsp;&nbsp;&nbsp;&nbsp;&nbsp;&nbsp;&nbsp;&nbsp;&nbsp;&nbsp;&nbsp;&nbsp;&nbsp;&nbsp;&nbsp;&nbsp;&nbsp;&nbsp;&nbsp;2 r ur. Glandów, i o Boże błog. dla rodziny – zam. rodzice&nbsp; /-/</p>



<p><strong>CZWARTEK&nbsp; (23.04.)&nbsp;</strong></p>



<p>7.00<strong> </strong>+ Mariannę, Stefana Kapitańskich, Antoninę, Feliksa Klapów – zam. rodz.&nbsp;</p>



<p>&nbsp;&nbsp;&nbsp;&nbsp;&nbsp;&nbsp;&nbsp;&nbsp;&nbsp;&nbsp;&nbsp;&nbsp;&nbsp;&nbsp;&nbsp;&nbsp;&nbsp;&nbsp;&nbsp;&nbsp;&nbsp;&nbsp;&nbsp;&nbsp;&nbsp;&nbsp;&nbsp;&nbsp;&nbsp;&nbsp;&nbsp;&nbsp;&nbsp;&nbsp;&nbsp;&nbsp;&nbsp;&nbsp;&nbsp;&nbsp;&nbsp;&nbsp;&nbsp;&nbsp;&nbsp;&nbsp;&nbsp;&nbsp;&nbsp;&nbsp;&nbsp;&nbsp;&nbsp;&nbsp;&nbsp;&nbsp;&nbsp;&nbsp;&nbsp;&nbsp;&nbsp;&nbsp;&nbsp;&nbsp;&nbsp;Gąsków &nbsp; /+/&nbsp;</p>



<p><strong>PIĄTEK (24.04.)&nbsp; Msza św. zbiorowa&nbsp;</strong></p>



<p><strong>18.00 </strong><strong><em>intencja wspólnotowa: </em></strong><strong>&nbsp;&#8211; </strong>wywieszona w gablocie i str.internetowej parafii</p>



<p><strong>SOBOTA (25.04.)&nbsp;</strong></p>



<p>7.00 O Boże błog. zdrowie, dary Ducha Św. umocnienie w powołaniu dla ks.&nbsp;</p>



<p>&nbsp;&nbsp;&nbsp;&nbsp;&nbsp;&nbsp;&nbsp;&nbsp;&nbsp;&nbsp;&nbsp;&nbsp;&nbsp;&nbsp;&nbsp;&nbsp;&nbsp;&nbsp;&nbsp;&nbsp;&nbsp;Marka Dumina z racji imienin – zam. rodzice &nbsp; &nbsp; &nbsp; &nbsp; /-/&nbsp;</p>



<p><strong>NIEDZIELA(26.04.) IV Wielkanocna. Dobrego Pasterza. Niedziela Powołaniowa. </strong></p>



<p>8.30 &nbsp;+ Czesława Skrzypoka, Mieczysława Hyskiego &nbsp; &nbsp; &nbsp; /-/</p>



<p>11.30 O Boże błog., zdrowie, opiekę Św.Rodziny, siły i wytrwałość dla Gabrieli i Edwarda&nbsp;</p>



<p>&nbsp;&nbsp;&nbsp;&nbsp;&nbsp;&nbsp;&nbsp;&nbsp;&nbsp;&nbsp;&nbsp;&nbsp;&nbsp;&nbsp;Bąków z racji 50 r. ślubu – zam. dzieci z rodzinami &nbsp; &nbsp; /-/</p>



<p>15.00 O Boże błog., zdrowie, opiekę Św.Rodziny i wszelką pomyślność dla Marii i Edwarda&nbsp;</p>



<p>&nbsp;&nbsp;&nbsp;&nbsp;&nbsp;&nbsp;&nbsp;&nbsp;&nbsp;&nbsp;&nbsp;&nbsp;&nbsp;&nbsp;&nbsp;&nbsp;&nbsp;&nbsp;&nbsp;&nbsp;&nbsp;&nbsp;&nbsp;&nbsp;&nbsp;&nbsp;&nbsp;&nbsp;&nbsp;&nbsp;&nbsp;&nbsp;&nbsp;Koperów z racji 50 r. ślubu – dzieci&nbsp; &nbsp; /-/</p>

<p>WIELKA NIEDZIELA (19.04.)&nbsp; III Wielkanocna. Niedziela Biblijna. &nbsp;8.30 + Stanisławę, Jana, Wojciecha Bugajniaków, Janinę, Stanisława/on/&nbsp; &nbsp;&nbsp;&nbsp;&nbsp;&nbsp;&nbsp;&nbsp;&nbsp;&nbsp;&nbsp;&nbsp;&nbsp;Kłudziaków, Leokadię, Teodozję, Czesława Nowaków,&hellip;</p>
